n base 10, what is 0 - 15?
-15
In base 8, what is 15256 - -1?
15257
In base 2, what is -100 + -1011010?
-1011110
In base 16, what is -b + 1d0?
1c5
In base 5, what is 144 - 1?
143
In base 15, what is 3be + -1?
3bd
In base 4, what is 23002 + -11?
22331
In base 13, what is 0 - 264?
-264
In base 13, what is -1 - aa5?
-aa6
In base 7, what is 203 + -1?
202
In base 5, what is -1 - -14?
13
In base 12, what is -220 - -3?
-219
In base 15, what is -ac + 0?
-ac
In base 16, what is -4 - -96?
92
In base 3, what is -10 + 2012222?
2012212
In base 10, what is -4 - -910?
906
In base 15, what is -d2 - 4?
-d6
In base 2, what is 1111110010 + 110?
1111111000
In base 16, what is 1f5 + -2?
1f3
In base 9, what is -288 - 5?
-304
In base 9, what is -340 + -4?
-344
In base 8, what is -4 - -136?
132
In base 9, what is -17 - 302?
-320
In base 15, what is 5 + -1d?
-18
In base 3, what is 10 + 112101?
112111
In base 13, what is 23 - 4?
1c
In base 14, what is 6 - -7a5?
7ab
In base 12, what is 33 + -189?
-156
In base 7, what is 213 - -4?
220
In base 10, what is 8 - -167?
175
In base 14, what is 4 - 8c?
-88
In base 11, what is -a + -1165?
-1174
In base 7, what is -362 + -2?
-364
In base 13, what is 8a + 4?
91
In base 16, what is -8 + -7d?
-85
In base 5, what is -13130 + -2?
-13132
In base 10, what is 273 - 0?
273
In base 8, what is -3 - 531?
-534
In base 3, what is -12221 - 20?
-20011
In base 8, what is 3 + 12271?
12274
In base 12, what is 2a - -6?
34
In base 15, what is 25e - 10?
24e
In base 16, what is -3ea - 4?
-3ee
In base 16, what is -4 + 54?
50
In base 16, what is 3 + 59?
5c
In base 4, what is 120 - 103?
11
In base 10, what is 115 + -5?
110
In base 4, what is -3010 - -11?
-2333
In base 16, what is 5a - -89?
e3
In base 13, what is 5 - -72?
77
In base 13, what is 11 - -74?
85
In base 10, what is -1094 + -5?
-1099
In base 4, what is 3 - -1012?
1021
In base 14, what is -c - -9?
-3
In base 16, what is 1f + -79?
-5a
In base 3, what is 0 - -112222?
112222
In base 16, what is -26 - -1a?
-c
In base 7, what is -16 - -440?
421
In base 14, what is 19a - -2?
19c
In base 4, what is -3130 - -11?
-3113
In base 4, what is -10 + 2002?
1332
In base 12, what is 5 + 32?
37
In base 6, what is 5 + 2441?
2450
In base 11, what is -2a + 374?
345
In base 16, what is 610 + -3?
60d
In base 15, what is -142 - 1?
-143
In base 15, what is -3 - -cc7?
cc4
In base 13, what is -59 - 0?
-59
In base 2, what is 1000 + 100?
1100
In base 13, what is -41 - 24?
-65
In base 6, what is 0 - -1024?
1024
In base 11, what is 5 - 35?
-30
In base 16, what is 5 - 40?
-3b
In base 6, what is 3 + 10?
13
In base 12, what is -14 + 6?
-a
In base 16, what is 1 + -12a?
-129
In base 13, what is 25 + -9?
19
In base 12, what is -5289 - 1?
-528a
In base 11, what is 10 + -44?
-34
In base 5, what is -2043 - -10?
-2033
In base 16, what is 117 - -45?
15c
In base 15, what is -3 - -e2?
de
In base 14, what is 7 + -20?
-17
In base 4, what is 10 - -1101?
1111
In base 5, what is 4 + 13?
22
In base 12, what is -1 - -9b?
9a
In base 6, what is -3 - -32313?
32310
In base 2, what is 11000000 + 10?
11000010
In base 11, what is 2525 + 3?
2528
In base 7, what is 1 + 1310?
1311
In base 16, what is 84 + -a?
7a
In base 9, what is 154 - -5?
160
In base 14, what is 5d - 12?
4b
In base 6, what is 10000 + 2?
10002
In base 14, what is -4 + -a7?
-ab
In base 15, what is 10 + -2?
d
In base 4, what is -1 - 2311?
-2312
In base 15, what is -3 - -12c?
129
In base 7, what is -5 + 5465?
5460
In base 12, what is -8 - 21?
-29
In base 8, what is 4 - -46?
52
In base 14, what is -c2 + -4c?
-130
In base 9, what is 203 + 56?
260
In base 16, what is 1 - 314?
-313
In base 7, what is -2 - 30451?
-30453
In base 7, what is -1542 + 0?
-1542
In base 14, what is -b7 + 0?
-b7
In base 2, what is -100 + -1010011100?
-1010100000
In base 3, what is -20112 - -12?
-20100
In base 7, what is -3 - -12345?
12342
In base 11, what is -25 - 20?
-45
In base 7, what is 450 + 3?
453
In base 5, what is -3041 + 2?
-3034
In base 4, what is 30 - 221?
-131
In base 8, what is 4 - -4?
10
In base 8, what is 41 - 3?
36
In base 6, what is -5 + 21?
12
In base 4, what is 20 + 0?
20
In base 3, what is -112211 + 2002?
-110202
In base 5, what is 2143 - 41?
2102
In base 15, what is -41c5 + -5?
-41ca
In base 4, what is 21 - -232320?
233001
In base 8, what is -4 - 4073?
-4077
In base 11, what is 3914 - -4?
3918
In base 14, what is -4 + 46?
42
In base 2, what is -10000 - -1000?
-1000
In base 6, what is -1112 + 1?
-1111
In base 3, what is -100 + 10010?
2210
In base 7, what is -1364 - 10?
-1404
In base 7, what is 1 - 354?
-353
In base 13, what is -786 + -5?
-78b
In base 8, what is 1 - -164?
165
In base 9, what is 1561 - 5?
1555
In base 7, what is 55 + 446?
534
In base 16, what is -123 - 2?
-125
In base 11, what is -5 - -4a?
45
In base 11, what is 27 + -32?
-6
In base 7, what is -3504 + 5?
-3466
In base 15, what is -23c - 5?
-242
In base 13, what is 4 + -3c4?
-3c0
In base 15, what is -c - 9?
-16
In base 15, what is 1 + 70?
71
In base 7, what is -43 + 60?
14
In base 11, what is -5 + 1444?
143a
In base 12, what is -2 + 791?
78b
In base 15, what is 1e - e?
10
In base 9, what is 568 - -13?
582
In base 8, what is 57 + 23?
102
In base 13, what is 545 + 5?
54a
In base 6, what is 5 + -24?
-15
In base 14, what is 1395 - -4?
1399
In base 3, what is -121121 + -11?
-121202
In base 13, what is -7a - -7?
-73
In base 9, what is -174 - -173?
-1
In base 5, what is -4 - 241?
-300
In base 16, what is -62e - -4?
-62a
In base 7, what is -4214 - 0?
-4214
In base 6, what is -404 - -3?
-401
In base 15, what is -18 + 80?
67
In base 10, what is 27 + 16?
43
In base 5, what is 2 - 213?
-211
In base 8, what is -11 - 240?
-251
In base 6, what is 135 + -4?
131
In base 13, what is 161 + -4?
15a
In base 2, what is 1000000100 - -111?
1000001011
In base 16, what is 0 + 648?
648
In base 3, what is -10022 - 11?
-10110
In base 4, what is -21 + -22102?
-22123
In base 10, what is -4 + -50?
-54
In base 12, what is -11 - 412?
-423
In base 13, what is 4a - -10?
5a
In base 3, what is 0 - 12112?
-12112
In base 10, what is -4890 + 5?
-4885
In base 7, what is 10 + -33?
-23
In base 13, what is -33 - 5?
-38
In base 5, what is -113 - 3031?
-3144
In base 6, what is 0 + 1002?
1002
In base 12, what is 425 + -2?
423
In base 4, what is 11 + 112332?
113003
In base 16, what is 788 - 2?
786
In base 9, what is -47 - -224?
166
In base 2, what is -1101001010 - 10?
-1101001100
In base 2, what is -1011 - -110101?
101010
In base 7, what is 2114 - -3?
2120
In base 3, what is 2 + -2010?
-2001
In base 11, what is 72a + -9?
721
In base 15, what is -2 - 1222?
-1224
In base 6, what is 5 + 35?
44
In base 2, what is 1100 + 11001010011?
11001011111
In base 6, what is 20 - -14?
34
In base 7, what is 4 + -3433?
-3426
In base 7, what is -325 + 21?
-304
In base 10, what is 5478 + 4?
5482
In base 5, what is -4 + 312?
303
In base 11, what is -329 - 1?
-32a
In base 7, what is -65 + -15?
-113
In base 13, what is 4 + 2b7a?
2b81
In base 16, what is 62 - -5?
67
In base 7, what is -40 + -101?
-141
In base 11, what is 4 - 135?
-131
In base 15, what is -2 + -4?
-6
In base 11, what is 5 + a10?
a15
In base 6, what is -1535 + 1?
-1534
In base 11, what is -430 + -2?
-432
In base 16, what is -5aa + 3?
-5a7
In base 5, what is -11320 - -10?
-11310
In base 7, what is 4 - 52?
-45
In base 3, what is -200212 - -10?
-200202
In base 6, what is 30 - 43?
-13
In base 5, what is -4 - 2333?
-2342
In base 3, what is 11220 - -2020?
21010
In base 14, what is 5a6 - 3?
5a3
In base 3, what is -121120 - 201?
-122021
In base 9, what is 275 + -1?
274
In base 15, what is e - 36?
-27
In base 12, what is -8 + 1b?
13
In base 12, what is -26 + 109?
a3
In base 6, what is -54 + 2030?
1532
In base 2, what is -11110 - -100010?
100
In base 7, what is -40 - -2332?
2262
In base 10, what is -5387 + 2?
-5385
In base 11, what is 40 + -228?
-198
In base 5, what is -14 - 1331?
-1400
In base 16, what is -3 + 1?
-2
In base 4, what is 1132 + 1?
1133
In base 9, what is -32066 - 1?
-32067
In base 4, what is 1 - -1110?
1111
In base 8, what is 15 + 14?
31
In base 12, what is -74 + 1?
-73
In base 5, what is 2 - 3023?
-3021
In base 4, what is -11 + -120?
-131
In base 12, what is 1bb + 34?
233
In base 5, what is -14 + 442?
423
In base 16, what is -f - d?
-